rs of s?
2, 43
Suppose -60 - 18 = m. List the prime factors of (-2)/(-13) - 1392/m.
2, 3
Let f(z) = -z**2 + 1. Let p(b) = 5*b**2 + 2*b - 2. Let m(u) = 3*f(u) + p(u). What are the prime factors of m(-3)?
13
Let v(z) = 2*z**3 - 4*z**2 + z + 2. Let u be (-18)/(-4)*(-4)/(-6). Suppose -g + 5*i = u*g + 12, g - 3*i = -10. What are the prime factors of v(g)?
2
Let a = -3 + 5. Let d(t) = 5*t**2 + t + 3. Let u(b) = -b**2 - b - 1. Let q(f) = d(f) + 3*u(f). List the prime factors of q(a).
2
Let z be ((-6)/(-9))/((-2)/(-9)). Suppose -m = 2*g + g + 7, z*m - 2*g = 12. Suppose m*d - 4*d = -5*t + 16, 4*d - 8 = 0. What are the prime factors of t?
2
Suppose -72*g = -75*g + 225. What are the prime factors of g?
3, 5
Let k = 16 - 0. Suppose k = 2*c - 10. What are the prime factors of c?
13
Let l(u) = -4*u - 4. Let v(t) = 5*t + 5. Let f(w) = -7*l(w) - 6*v(w). Let n be f(-2). Suppose d = 11 + n. What are the prime factors of d?
13
Suppose -z - 69 = -l, -5*l + 99 = 4*z - 246. List the prime factors of l.
3, 23
Suppose -15 = -3*j - 3*r, 6 - 61 = -3*j + 5*r. What are the prime factors of j?
2, 5
Let o(d) = d**3 - 2*d**2 - 10*d + 5. Let h(v) = -v**3 + 3*v**2 + 10*v - 6. Let g(i) = -6*h(i) - 5*o(i). Let a be g(9). What are the prime factors of 1*9*a - 3?
3, 5
Let x be 2 - (0 - 0 - -2). Let s be 1*-1 + 6 + x. Suppose 2*v = 2*d + 30, s*v = -d - 0*d + 57. What are the prime factors of v?
2, 3
Suppose 0 = 4*t - 61 + 17. Suppose 0*p = -2*p - b + t, -4*p = b - 19. List the prime factors of p.
2
Suppose 3*u - z - 15 = -3*z, -2*z = -5*u + 25. Suppose 0 = -2*d + u*d + 9. List the prime factors of ((d - 0) + -2)*-2.
2, 5
Suppose 4*u - 11 = 1. Let j(y) = -y + 4 - 3 + y**u + 9. List the prime factors of j(0).
2, 5
Let g(b) = -b**3 - b**2 + b. Let k be g(0). Suppose 7*z + 4 = 32. Suppose -z*u + 47 - 15 = k. List the prime factors of u.
2
Let v(o) = o - 5. Let c = -3 - -3. Let y be v(c). Let g = y + 10. List the prime factors of g.
5
Let l(m) = -22*m - 5. List the prime factors of l(-2).
3, 13
Suppose -z + b + 1 = -0, -3*z = 5*b + 5. What are the prime factors of z/((-12)/(-4)) + 3?
3
Suppose 2*l = 4*l - 28. List the prime factors of (119/l)/(1/4).
2, 17
Let p(i) = 26*i**2 - 2*i - 1. Let f = -12 + 11. What are the prime factors of p(f)?
3
Suppose 0 = -3*o + 6*o - 18. What are the prime factors of o*(16/4)/8?
3
Suppose 5*w - 2*q - 20 = 286, -303 = -5*w + q. Suppose -4*m + w = -m. Suppose 0 = -c + r + 4, -7*c + 4*r + m = -2*c. List the prime factors of c.
2
Let f(d) = d**2 + d + 18. Let p be f(0). Let o = -6 + p. What are the prime factors of o?
2, 3
What are the prime factors of (-1870)/(-8) - 23/(-92)?
2, 3, 13
Let z be (9/3 - 2) + 3. Suppose -7*f + 24 = -z*f. What are the prime factors of f?
2
Suppose 0 = g + 4 - 36. What are the prime factors of g?
2
Let n(l) = -7*l + 6. List the prime factors of n(-1).
13
Let n be 3/2*(-16)/(-3). Suppose -10 = -w - 4*d, -2*d = w + d - n. Suppose 2*l - 16 = -w*l. What are the prime factors of l?
2
Suppose 3 = t + 5. Let r be 3/t*2/(-1). Suppose -r*o - 39 = -6*o. What are the prime factors of o?
13
Suppose 5*z - 116 = g, -3*g - 96 - 208 = -4*z. Suppose -9 - 3 = -4*j. List the prime factors of (-1)/j - g/18.
5
Suppose -5*w = 2*n - 166, -n + 226 = 2*n - 4*w. What are the prime factors of n?
2, 3, 13
Let p(f) = f - 9. Let y be p(9). Suppose 4*o - o - 6 = y. What are the prime factors of o?
2
Let w(q) = -6*q - 11*q - q**2 - 6 + 0*q**2. List the prime factors of w(-15).
2, 3
Let o = 11 + -17. What are the prime factors of o*(1 - (-13)/(-2))?
3, 11
Suppose -x - 8 = -2*i + i, -x = 4*i - 57. Let y = 18 - i. Suppose b = y - 2. List the prime factors of b.
3
Suppose 2*x + s = -3*x + 29, 5 = -5*s. List the prime factors of x.
2, 3
Let w(n) = 5*n**2 - 5*n + 4. List the prime factors of w(3).
2, 17
Suppose 0 = 5*z - 54 - 66. Suppose 0 = 3*t + z - 9. Let w = 8 + t. What are the prime factors of w?
3
Let p = 5 + -2. Suppose -p*s + 2*a + 7 = 0, 4*s + 4 = -5*a + a. What are the prime factors of s*18 - (-27)/(-9)?
3, 5
Let x(c) = 33*c - 2. List the prime factors of x(3).
97
Suppose j = 2*j - 4*v - 16, 5*j - 12 = 3*v. Let r = 22 - 19. Suppose j = r*s + 13 - 43. What are the prime factors of s?
2, 5
Let t be 6 - 6 - 1/1. List the prime factors of 4/(4/(-6) - t).
2, 3
Let p be 3 + (84/(-2))/(-1). Let d = p - 14. List the prime factors of d.
31
Let d = 518 - 362. List the prime factors of d.
2, 3, 13
Let y be ((-2)/(-2) - -2) + -5. List the prime factors of 501/39 - y/13.
13
Let q = 65 - -15. List the prime factors of q.
2, 5
Let f = 81 + -47. What are the prime factors of f?
2, 17
Let g(u) = 3 - 7*u - 8 + u**2 - 7. Let a be g(9). List the prime factors of (-2)/a + (-196)/(-12).
2
Let i(c) = -c**2 - 8*c - 11. Let z be i(-5). Suppose -z*u + 184 = 3*k + k, -4*u = 3*k - 188. List the prime factors of u.
2, 5
Suppose 4*c = -n - 3, n - 15 = -0*n + 5*c. Suppose 0 = 2*i + i - 2*s - 7, 0 = i - n*s + 2. List the prime factors of i.
3
Let q(c) = 3*c + 29. Let g be q(-9). Let j be 0/(2/(-2) - 1). Suppose -t + j = -2, g*t = 4*m - 12. What are the prime factors of m?
2
Let y = -14 - -17. What are the prime factors of y?
3
Let w(d) = -d**3 + 3*d**2 - 1. Let r be w(3). Let m be r - (-5 - (-3 + 0)). Suppose m + 11 = 2*l. What are the prime factors of l?
2, 3
Let p(o) be the second derivative of 4*o**3/3 + 3*o**2/2 - 2*o. Let y be p(6). Suppose 2*m - 6 = -4*c + 14, -4*m + 3*c + y = 0. What are the prime factors of m?
2, 3
Let y = -62 + 38. Let h = 35 + y. What are the prime factors of h?
11
Let z(u) = 2*u**2 - 6*u - 6. What are the prime factors of z(-3)?
2, 3, 5
Let r(j) = j**2 - 9*j - 7. Let z(s) = -s**2 - 10*s - 6. Let m be -1 - 14/(-6)*-3. Let c be z(m). What are the prime factors of r(c)?
3
Suppose -3*g - 5 = -8*g. Let l = g + 2. List the prime factors of (0 + 0 - l)/(-1).
3
Let z be (-8)/(-10)*(6 - 1). Suppose -z*a + 61 = 13. Suppose -4*i = 4*d - 5*i - a, -4*i = -4*d. List the prime factors of d.
2
Suppose 5*b = -5*t + 25, -2*t + 2*b = 7*b - 13. Let s = 20 + t. Let v = s + -7. List the prime factors of v.
17
Let f be (32/(-10))/(3/(-15)). Suppose c + 0*c = f. What are the prime factors of c?
2
Let a be -3*(-2)/12*0. Suppose -16 = -y - a*y. List the prime factors of y.
2
Suppose 5*j + 2 = 17. Suppose -3*u = u, j*y - 3 = u. Suppose -4*t + 5*c + 22 = 0, t = -2*c + y + 11. What are the prime factors of t?
2
Let v(s) = s**2 + s + 1. Let r(k) = k. Let l(y) = 3*r(y) + v(y). Let o be l(-6). Suppose 0 = -n + 2 + o. List the prime factors of n.
3, 5
Let r(w) = -1 + 3*w**2 + 2*w**2 + 8*w**2 - 4*w**2. Suppose 3*h - 14 = 4*y - 6*y, -3*y + 5*h = 17. What are the prime factors of r(y)?
2
Let j(m) = m**2 - 2. List the prime factors of j(-5).
23
Let f(p) = -p**2 + 27*p + 16. Let v be f(16). Suppose -4*s = 48 - v. List the prime factors of s.
2, 3
Suppose c + 10 = 6*c. Suppose -c*l + 9 = -4*w + 1, -4*w = -4*l. List the prime factors of ((-18)/(-15))/(w/(-10)).
3
List the prime factors of 181 + (-6)/(-3)*1.
3, 61
Let x(v) = -3*v**2 - 10*v - 5. Let z(u) = -3*u**2 - 9*u - 4. Let i(l) = 6*x(l) - 7*z(l). List the prime factors of i(2).
2
Suppose 5*a - 2 = -k + 12, 0 = 4*k - 4*a + 16. Let j be k + 3 + -1 + 1. Suppose -5*m - 26 = -j*p - m, -p - m = -7. List the prime factors of p.
3
Suppose -s - 1335 = 5*l - 356, 2*l + 3*s = -402. What are the prime factors of (-1)/(-4) + l/(-20)?
2, 5
Let g(b) = 3*b + 13. Let j(m) = 7*m + 27. Let l(v) = 5*g(v) - 2*j(v). What are the prime factors of l(-5)?
2, 3
Let m(l) = -l**2 + 8*l - 5. What are the prime factors of m(7)?
2
Let h = -17 + 17. What are the prime factors of h + (78/3 - 2)?
2, 3
Let t(q) = q - 4. Let h = 13 + -6. Let f be t(h). Suppose -3 = -2*d + f. What are the prime factors of d?
3
Let f(y) = 58*y + 1. Let h be f(-2). Let p = -80 - h. What are the prime factors of p?
5, 7
Let w(p) = -5*p - 5. Let c be w(-9). Suppose -3*h - c = -4*t, -4*h = 3*t + h - 1. What are the prime factors of t?
7
Suppose 4*o + o = 10. Suppose -2*a = o*a - r + 35, 5 = -a + r. List the prime factors of (-114)/(-10) + 4/a.
11
Let w be ((-24)/28)/((-2)/14). Suppose -3*q - 2*i = -w*i - 11, -4*q - 5*i + 56 = 0. What are the prime factors of q?
3
Let j be ((-16)/(-56))/(2/14). What are the prime factors of 59/2 - j/4?
29
Let g = 13 - 15. Let k(z) = -3*z**3 - 1. List the prime factors